{"id":3949,"date":"2025-08-27T14:12:38","date_gmt":"2025-08-27T17:12:38","guid":{"rendered":"https:\/\/caseiroenatural.com.br\/web\/?page_id=3949"},"modified":"2025-08-27T14:13:13","modified_gmt":"2025-08-27T17:13:13","slug":"politica-de-privacidade","status":"publish","type":"page","link":"https:\/\/caseiroenatural.com.br\/web\/politica-de-privacidade\/","title":{"rendered":"Pol\u00edtica de Privacidade"},"content":{"rendered":"<p>[vc_row][vc_column][vc_column_text]<\/p>\n<div><\/div>\n<div>A <strong>Caseiro e Natural<\/strong> se preocupa inteiramente com a sua seguran\u00e7a e privacidade. Por isso, oferecemos os mais rigorosos padr\u00f5es para que nenhum dado virtual seja transferido para terceiros.\u00a0N\u00f3s somos a <strong>Caseiro e Natural<\/strong>, inscritos no CNPJ 12.580.214\/0001-63, localizados na ROD SC 437 KM 12 &#8211; Fazenda S\u00e3o Paulo &#8211; Imaru\u00ed\/SC &#8211; CEP: 88770000 sendo respons\u00e1veis parciais pelo controle das suas informa\u00e7\u00f5es, bem como pela prote\u00e7\u00e3o dos seus dados gerais fornecidos.<\/div>\n<h3>Coleta de Informa\u00e7\u00f5es:<\/h3>\n<div>Durante o seu uso e navega\u00e7\u00e3o no site, algumas informa\u00e7\u00f5es suas ser\u00e3o coletadas para diferentes usos a fim de melhorar sua experi\u00eancia no site, tanto atrav\u00e9s do seu pr\u00f3prio fornecimento, como tamb\u00e9m de forma autom\u00e1tica. Para casos de dados pessoais fornecidos no momento do cadastro, coletamos as seguintes informa\u00e7\u00f5es:<\/div>\n<ul>\n<li>Nome completo;<\/li>\n<li>CPF;<\/li>\n<li>Endere\u00e7o de e-mail;<\/li>\n<li>N\u00famero de celular;<\/li>\n<li>Data de nascimento;<\/li>\n<li>Dados referentes aos seus endere\u00e7os.<\/li>\n<\/ul>\n<div>A <strong>Caseiro e Natural<\/strong> tamb\u00e9m recebe e armazena nos servidores internos algumas das atividades dentro do site de visitantes e clientes. Essas informa\u00e7\u00f5es s\u00e3o obtidas atrav\u00e9s de cookies, que servem basicamente para o controle interno de audi\u00eancia e de navega\u00e7\u00e3o. Eles possuem a capacidade de identificar e rastrear algumas prefer\u00eancias dos visitantes, a fim de aperfei\u00e7oar as experi\u00eancias de navega\u00e7\u00e3o do usu\u00e1rio. E vale ressaltar que a parte de aceita\u00e7\u00e3o dos cookies pode ser modificada manualmente nas configura\u00e7\u00f5es do navegador.<\/div>\n<h3>Utiliza\u00e7\u00e3o das informa\u00e7\u00f5es:<\/h3>\n<div>Para voc\u00ea, cliente, ter maior agilidade e seguran\u00e7a na hora de navegar, a <strong>Caseiro e Natural<\/strong> solicita alguns dados de car\u00e1ter pessoal. A coleta dessas informa\u00e7\u00f5es permite a adapta\u00e7\u00e3o do site \u00e0s suas devidas necessidades, melhorando a performance de acesso nas navega\u00e7\u00f5es. A t\u00edtulo de seguran\u00e7a, as nossas informa\u00e7\u00f5es coletadas possuem as seguintes finalidades:<\/div>\n<ul>\n<li>Compartilhar as informa\u00e7\u00f5es pessoais com alguns prestadores de servi\u00e7os particulares da Caseiro e Natural, tais como call centers, programas de fidelidade, intermedi\u00e1rios de gest\u00e3o de pagamentos e servi\u00e7os de transporte;<\/li>\n<li>Enviar para voc\u00ea algumas informa\u00e7\u00f5es ou mensagens pelo e-mail cadastrado acerca de promo\u00e7\u00f5es, publicidades e ofertas da Caseiro e Natural;<\/li>\n<li>Aperfei\u00e7oar as nossas iniciativas comerciais e promocionais, a fim de melhorar todas as ofertas que oferecermos de determinados produtos;<\/li>\n<li>Desenvolver estudos internos a respeito dos seus comportamentos e interesses.<\/li>\n<\/ul>\n<div>A <strong>Caseiro e Natural<\/strong> possui crit\u00e9rios rigorosos que colocam em pr\u00e1tica a privacidade e seguran\u00e7a dos seus dados pessoais. Entretanto, n\u00f3s n\u00e3o nos responsabilizamos por usos indevidos de algumas informa\u00e7\u00f5es aqui prestadas.<\/div>\n<h3>Seguran\u00e7a dos dados:<\/h3>\n<div>A <strong>Caseiro e Natural<\/strong> se preocupa inteiramente com a sua seguran\u00e7a. Por isso, observamos diversas normas que se aplicam integralmente \u00e0s medidas pessoais de seguran\u00e7a e privacidade do usu\u00e1rio, empregando os padr\u00f5es mais avan\u00e7ados de prote\u00e7\u00e3o da confidencialidade destas informa\u00e7\u00f5es.\u00a0Sendo assim, todos os dados pessoais informados ao nosso site s\u00e3o armazenados dentro de um banco de dados reservado e com acesso restrito a somente pessoas habilitadas e autorizadas. Essas pessoas possuem obriga\u00e7\u00e3o de fazerem bom uso dessas informa\u00e7\u00f5es e n\u00e3o utilizarem-nas de forma inadequada para devidos fins prejudiciais ao bom funcionamento do site, bem como o relacionamento com voc\u00ea, cliente.<\/div>\n<h3>Cookies e Tecnologias de Monitoramento:<\/h3>\n<div>Quando voc\u00ea navega pelo nosso site, a <strong>Caseiro e Natural<\/strong> possui liberdade para utilizar certas tecnologias de monitoramento a fim de coletar algumas informa\u00e7\u00f5es de forma automatizada, melhorando a sua experi\u00eancia com o site. Essas informa\u00e7\u00f5es coletadas influenciam na realiza\u00e7\u00e3o de m\u00e9tricas, para identificar alguns padr\u00f5es de pesquisa que podem auxiliar no aperfei\u00e7oamento das suas buscas no decorrer da navega\u00e7\u00e3o do site. Alguns dados relacionados \u00e0 impress\u00e3o de conte\u00fados tamb\u00e9m s\u00e3o coletados de forma geral. Os cookies nada mais s\u00e3o do que pequenos arquivos adicionados ao seu dispositivo que ajudam a fornecer experi\u00eancias personalizadas de acesso \u00e0 plataforma. Eles auxiliam a gente a analisar o tr\u00e1fego de internet, bem como informa\u00e7\u00f5es acerca das suas visitas ao site.\u00a0E vale ressaltar que esses cookies n\u00e3o fornecem acesso ao seu computador ou smartphone, muito menos revelam informa\u00e7\u00f5es al\u00e9m dos dados b\u00e1sicos que auxiliam na sua navega\u00e7\u00e3o pelo site.<\/div>\n<h3>Direitos como titular dos dados pessoais:<\/h3>\n<div>N\u00f3s da <strong>Caseiro e Natural<\/strong> priorizamos acima de tudo a transpar\u00eancia com seus dados informados. E al\u00e9m das informa\u00e7\u00f5es aqui contidas, voc\u00ea tamb\u00e9m possui o direito em rela\u00e7\u00e3o \u00e0 LGPD, que \u00e9 a Lei Geral de Prote\u00e7\u00e3o de Dados. Abaixo iremos listar alguns dos direitos que essa Lei oferece a voc\u00ea:<\/div>\n<ul>\n<li>Revoga\u00e7\u00e3o do consentimento;<\/li>\n<li>Acesso aos dados pessoais;<\/li>\n<li>Corre\u00e7\u00e3o de dados incompletos, inexatos ou desatualizados;<\/li>\n<li>Elimina\u00e7\u00e3o de dados pessoais tratados com o consentimento ou desnecess\u00e1rios, excessivos ou quando entender que algum ponto da LGPD n\u00e3o foi atendido;<\/li>\n<li>Informa\u00e7\u00e3o sobre as hip\u00f3teses e com quais empresas, parceiros e outras institui\u00e7\u00f5es podemos compartilhar, ou receber dados pessoais referentes a voc\u00ea;<\/li>\n<li>Informa\u00e7\u00e3o sobre a possibilidade de n\u00e3o fornecer consentimento e sobre as consequ\u00eancias da negativa, quando aplic\u00e1vel;<\/li>\n<li>Todas as solicita\u00e7\u00f5es ser\u00e3o tratadas de forma gratuita, e ser\u00e3o submetidas a uma pr\u00e9via avalia\u00e7\u00e3o da sua identidade e da viabilidade do atendimento, a fim de cumprir com eventuais obriga\u00e7\u00f5es que impe\u00e7am o completo atendimento das requisi\u00e7\u00f5es dos titulares de direito;<\/li>\n<li>Confirma\u00e7\u00e3o da exist\u00eancia de tratamento de dados pessoais.<\/li>\n<\/ul>\n<h3>Solicita\u00e7\u00e3o da exclus\u00e3o de dados pessoais:<\/h3>\n<div>Como dito, iremos tratar todos os seus dados pessoais com o mais alto n\u00edvel de seguran\u00e7a e prote\u00e7\u00e3o. Quando alguma informa\u00e7\u00e3o sua for aplicada e voc\u00ea desejar exclu\u00ed-la, basta acessar nossa base de cadastro e realizar a exclus\u00e3o da sua conta e demais dados. Lembrando que, caso haja desconformidade com o recebimento de e-mails com ofertas, promo\u00e7\u00f5es e etc, no final de cada um deles existe um campo para cancelar demais recebimentos. Isso ir\u00e1 determinar que nenhuma das informa\u00e7\u00f5es do nosso site ir\u00e1 ser reincidente dentro do seu e-mail de cadastro.<\/div>\n<div><\/div>\n<div><\/div>\n<div>Atualiza\u00e7\u00e3o: 25 de Agosto de 2025<\/div>\n<div><\/div>\n<div><\/div>\n<div>Ainda possui d\u00favidas?\u2028Estamos \u00e0 disposi\u00e7\u00e3o!<\/div>\n<div><\/div>\n<div>Telefone\/WhatsApp: 48 3255-7862<br \/>\ne-mail: contato@caseiroenatural.com.br<\/div>\n<p>[\/vc_column_text][\/vc_column][\/vc_row]<\/p>\n","protected":false},"excerpt":{"rendered":"<p>[vc_row][vc_column][vc_column_text] A Caseiro e Natural se preocupa inteiramente com a sua seguran\u00e7a e privacidade. Por isso, oferecemos os mais rigorosos padr\u00f5es para que nenhum dado virtual seja transferido para terceiros.\u00a0N\u00f3s somos a Caseiro e Natural, inscritos no CNPJ 12.580.214\/0001-63, localizados na ROD SC 437 KM 12 &#8211; Fazenda S\u00e3o Paulo &#8211; Imaru\u00ed\/SC &#8211; CEP: 88770000 sendo respons\u00e1veis parciais pelo controle das suas informa\u00e7\u00f5es, bem como pela prote\u00e7\u00e3o dos seus dados gerais fornecidos. Coleta de Informa\u00e7\u00f5es: Durante o seu uso e navega\u00e7\u00e3o no site, algumas informa\u00e7\u00f5es suas ser\u00e3o coletadas para diferentes usos a fim de melhorar sua experi\u00eancia no site, tanto atrav\u00e9s do seu pr\u00f3prio fornecimento, como tamb\u00e9m de forma autom\u00e1tica. Para casos de dados pessoais fornecidos no momento do cadastro, coletamos as seguintes informa\u00e7\u00f5es: Nome completo; CPF; Endere\u00e7o de e-mail; N\u00famero de celular; Data de nascimento; Dados referentes aos seus endere\u00e7os. A Caseiro e Natural tamb\u00e9m recebe e armazena nos servidores internos algumas das atividades dentro do site de visitantes e clientes. Essas informa\u00e7\u00f5es s\u00e3o obtidas atrav\u00e9s de cookies, que servem basicamente para o controle interno de audi\u00eancia e de navega\u00e7\u00e3o. Eles possuem a capacidade de identificar e rastrear algumas prefer\u00eancias dos visitantes, a fim de aperfei\u00e7oar as experi\u00eancias de navega\u00e7\u00e3o do usu\u00e1rio. E vale ressaltar que a parte de aceita\u00e7\u00e3o dos cookies pode ser modificada manualmente nas configura\u00e7\u00f5es do navegador. Utiliza\u00e7\u00e3o das informa\u00e7\u00f5es: Para voc\u00ea, cliente, ter maior agilidade e seguran\u00e7a na hora de navegar, a Caseiro e Natural solicita alguns dados de car\u00e1ter pessoal. A coleta dessas informa\u00e7\u00f5es permite a adapta\u00e7\u00e3o do site \u00e0s suas devidas necessidades, melhorando a performance de acesso nas navega\u00e7\u00f5es. A t\u00edtulo de seguran\u00e7a, as nossas informa\u00e7\u00f5es coletadas possuem as seguintes finalidades: Compartilhar as informa\u00e7\u00f5es pessoais com alguns prestadores de servi\u00e7os particulares da Caseiro e Natural, tais como call centers, programas de fidelidade, intermedi\u00e1rios de gest\u00e3o de pagamentos e servi\u00e7os de transporte; Enviar para voc\u00ea algumas informa\u00e7\u00f5es ou mensagens pelo e-mail cadastrado acerca de promo\u00e7\u00f5es, publicidades e ofertas da Caseiro e Natural; Aperfei\u00e7oar as nossas iniciativas comerciais e promocionais, a fim de melhorar todas as ofertas que oferecermos de determinados produtos; Desenvolver estudos internos a respeito dos seus comportamentos e interesses. A Caseiro e Natural possui crit\u00e9rios rigorosos que colocam em pr\u00e1tica a privacidade e seguran\u00e7a dos seus dados pessoais. Entretanto, n\u00f3s n\u00e3o nos responsabilizamos por usos indevidos de algumas informa\u00e7\u00f5es aqui prestadas. Seguran\u00e7a dos dados: A Caseiro e Natural se preocupa inteiramente com a sua seguran\u00e7a. Por isso, observamos diversas normas que se aplicam integralmente \u00e0s medidas pessoais de seguran\u00e7a e privacidade do usu\u00e1rio, empregando os padr\u00f5es mais avan\u00e7ados de prote\u00e7\u00e3o da confidencialidade destas informa\u00e7\u00f5es.\u00a0Sendo assim, todos os dados pessoais informados ao nosso site s\u00e3o armazenados dentro de um banco de dados reservado e com acesso restrito a somente pessoas habilitadas e autorizadas. Essas pessoas possuem obriga\u00e7\u00e3o de fazerem bom uso dessas informa\u00e7\u00f5es e n\u00e3o utilizarem-nas de forma inadequada para devidos fins prejudiciais ao bom funcionamento do site, bem como o relacionamento com voc\u00ea, cliente. Cookies e Tecnologias de Monitoramento: Quando voc\u00ea navega pelo nosso site, a Caseiro e Natural possui liberdade para utilizar certas tecnologias de monitoramento a fim de coletar algumas [&hellip;]<\/p>\n","protected":false},"author":1,"featured_media":0,"parent":0,"menu_order":0,"comment_status":"closed","ping_status":"closed","template":"","meta":{"footnotes":""},"class_list":["post-3949","page","type-page","status-publish","hentry"],"_links":{"self":[{"href":"https:\/\/caseiroenatural.com.br\/web\/wp-json\/wp\/v2\/pages\/3949","targetHints":{"allow":["GET"]}}],"collection":[{"href":"https:\/\/caseiroenatural.com.br\/web\/wp-json\/wp\/v2\/pages"}],"about":[{"href":"https:\/\/caseiroenatural.com.br\/web\/wp-json\/wp\/v2\/types\/page"}],"author":[{"embeddable":true,"href":"https:\/\/caseiroenatural.com.br\/web\/wp-json\/wp\/v2\/users\/1"}],"replies":[{"embeddable":true,"href":"https:\/\/caseiroenatural.com.br\/web\/wp-json\/wp\/v2\/comments?post=3949"}],"version-history":[{"count":2,"href":"https:\/\/caseiroenatural.com.br\/web\/wp-json\/wp\/v2\/pages\/3949\/revisions"}],"predecessor-version":[{"id":3951,"href":"https:\/\/caseiroenatural.com.br\/web\/wp-json\/wp\/v2\/pages\/3949\/revisions\/3951"}],"wp:attachment":[{"href":"https:\/\/caseiroenatural.com.br\/web\/wp-json\/wp\/v2\/media?parent=3949"}],"curies":[{"name":"wp","href":"https:\/\/api.w.org\/{rel}","templated":true}]}}