{"id":1824,"date":"2018-10-10T16:38:39","date_gmt":"2018-10-10T19:38:39","guid":{"rendered":"http:\/\/caseiroenatural.com.br\/web\/?page_id=1824"},"modified":"2025-08-21T10:39:17","modified_gmt":"2025-08-21T13:39:17","slug":"nossa-historia","status":"publish","type":"page","link":"https:\/\/caseiroenatural.com.br\/web\/nossa-historia\/","title":{"rendered":"Nossa hist\u00f3ria"},"content":{"rendered":"<p>[vc_row][vc_column width=&#8221;2\/3&#8243;][vc_column_text]<\/p>\n<h3>Produzimos o nosso melhor desde 1989<\/h3>\n<p>[\/vc_column_text][vc_row_inner][vc_column_inner width=&#8221;1\/2&#8243;][vc_column_text]Somos uma empresa Catarinense que nasceu do desejo familiar de compartilhar os benef\u00edcios de uma alimenta\u00e7\u00e3o saud\u00e1vel. Nosso principal objetivo \u00e9 promover sa\u00fade atrav\u00e9s de uma alimenta\u00e7\u00e3o natural de verdade. Por isso fabricamos h\u00e1 <strong>36 anos<\/strong> alimentos integrais sem adi\u00e7\u00e3o de conservantes, corantes, aromatizantes, estabilizantes ou aditivos qu\u00edmicos.[\/vc_column_text][\/vc_column_inner][vc_column_inner width=&#8221;1\/2&#8243;][vc_column_text]Prezamos pela forma natural de cada ingrediente para preservar os nutrientes naturais. Por isso todos os produtos s\u00e3o minimamente processados e industrializados. Cada produto que fabricamos possui sabor, cor, aroma e textura natural. Para obter alimentos 100% naturais, selecionamos a mat\u00e9ria prima de qualidade para formar o conjunto de ingredientes ricos em vitaminas, fibras e sabor.[\/vc_column_text][\/vc_column_inner][\/vc_row_inner][\/vc_column][vc_column width=&#8221;1\/3&#8243;][vc_single_image image=&#8221;2005&#8243; img_size=&#8221;full&#8221; css_animation=&#8221;flipInX&#8221;][\/vc_column][\/vc_row][vc_row][vc_column width=&#8221;2\/3&#8243;][vc_column_text]<strong>Conjunto de ingredientes selecionados para fabrica\u00e7\u00e3o de alimento saud\u00e1vel de verdade. Nossos produtos s\u00e3o encontrados em lojas especializadas em alimenta\u00e7\u00e3o saud\u00e1vel.<\/strong>[\/vc_column_text][\/vc_column][vc_column width=&#8221;1\/3&#8243;][vc_btn title=&#8221;ONDE ENCONTRAR&#8221; style=&#8221;outline-custom&#8221; outline_custom_color=&#8221;#919138&#8243; outline_custom_hover_background=&#8221;#ffffff&#8221; outline_custom_hover_text=&#8221;#919138&#8243; size=&#8221;sm&#8221; align=&#8221;right&#8221; i_align=&#8221;right&#8221; i_icon_fontawesome=&#8221;fa fa-angle-right&#8221; add_icon=&#8221;true&#8221; link=&#8221;url:https%3A%2F%2Fcaseiroenatural.com.br%2Fweb%2Fonde-encontrar%2F|||&#8221;][\/vc_column][\/vc_row][vc_row full_width=&#8221;stretch_row&#8221; parallax=&#8221;content-moving-fade&#8221; parallax_image=&#8221;2158&#8243; parallax_speed_bg=&#8221;1.8&#8243; css=&#8221;.vc_custom_1547649610223{margin-top: 20px !important;padding-top: 40px !important;padding-bottom: 40px !important;}&#8221;][vc_column][vc_custom_heading text=&#8221;Cada produto que fabricamos possui sabor, cor, aroma e textura natural.&#8221; font_container=&#8221;tag:h2|text_align:center|color:%23ffffff&#8221; use_theme_fonts=&#8221;yes&#8221;][vc_btn title=&#8221;NOSSOS PRODUTOS&#8221; style=&#8221;outline&#8221; color=&#8221;white&#8221; size=&#8221;sm&#8221; align=&#8221;center&#8221; i_align=&#8221;right&#8221; i_icon_fontawesome=&#8221;fa fa-angle-right&#8221; add_icon=&#8221;true&#8221; link=&#8221;url:https%3A%2F%2Fcaseiroenatural.com.br%2Fweb%2Fprodutos%2F|||&#8221;][\/vc_column][\/vc_row][vc_row css=&#8221;.vc_custom_1544460721393{margin-top: 50px !important;margin-bottom: 40px !important;}&#8221;][vc_column width=&#8221;1\/3&#8243;][vc_row_inner][vc_column_inner width=&#8221;1\/3&#8243;][vc_single_image image=&#8221;2159&#8243; img_size=&#8221;full&#8221; alignment=&#8221;center&#8221;][\/vc_column_inner][vc_column_inner width=&#8221;2\/3&#8243;][vc_column_text]<\/p>\n<h3 style=\"text-align: left;\">Sem conservantes<\/h3>\n<p style=\"text-align: left;\">Somos uma ind\u00fastria comprometida em fabricar alimentos saud\u00e1veis. Por isso, todos os nossos produtos possuem cor, sabor e textura natural. Fabricamos alimentos livres de corantes, conservantes, aromatizantes e estabilizantes. Alimento sem qu\u00edmica.<\/p>\n<p>[\/vc_column_text][\/vc_column_inner][\/vc_row_inner][\/vc_column][vc_column width=&#8221;1\/3&#8243;][vc_row_inner][vc_column_inner width=&#8221;1\/3&#8243;][vc_single_image image=&#8221;2161&#8243; img_size=&#8221;full&#8221; alignment=&#8221;center&#8221;][\/vc_column_inner][vc_column_inner width=&#8221;2\/3&#8243;][vc_column_text]<\/p>\n<h3 style=\"text-align: left;\">100% natural<\/h3>\n<p style=\"text-align: left;\">Acreditamos que atrav\u00e9s da sele\u00e7\u00e3o da mat\u00e9ria prima de qualidade e minimamente refinada \u00e9 poss\u00edvel obter maior concentra\u00e7\u00e3o de nutrientes. Todos os nossos produtos s\u00e3o fabricados de forma natural e minimamente processados. Escolhemos mat\u00e9ria prima em sua forma mais natural poss\u00edvel para que o produto final chegue at\u00e9 voc\u00ea com nutrientes naturais e saud\u00e1vel de verdade.<\/p>\n<p>[\/vc_column_text][\/vc_column_inner][\/vc_row_inner][\/vc_column][vc_column width=&#8221;1\/3&#8243;][vc_row_inner][vc_column_inner width=&#8221;1\/3&#8243;][vc_single_image image=&#8221;2160&#8243; img_size=&#8221;full&#8221; alignment=&#8221;center&#8221;][\/vc_column_inner][vc_column_inner width=&#8221;2\/3&#8243;][vc_column_text]<\/p>\n<h3 style=\"text-align: left;\">Vegano<\/h3>\n<p style=\"text-align: left;\">Nossa paix\u00e3o por produzir alimentos naturais vai al\u00e9m de alimentos saud\u00e1veis. Procurando atender a procura de alimentos que n\u00e3o tenham ingredientes de origem animal e intolerantes a lactose, desenvolvemos receitas saborosas e nutritivas livre de lactose e ovo.<\/p>\n<p>[\/vc_column_text][\/vc_column_inner][\/vc_row_inner][\/vc_column][\/vc_row]<\/p>\n","protected":false},"excerpt":{"rendered":"<p>[vc_row][vc_column width=&#8221;2\/3&#8243;][vc_column_text] Produzimos o nosso melhor desde 1989 [\/vc_column_text][vc_row_inner][vc_column_inner width=&#8221;1\/2&#8243;][vc_column_text]Somos uma empresa Catarinense que nasceu do desejo familiar de compartilhar os benef\u00edcios de uma alimenta\u00e7\u00e3o saud\u00e1vel. Nosso principal objetivo \u00e9 promover sa\u00fade atrav\u00e9s de uma alimenta\u00e7\u00e3o natural de verdade. Por isso fabricamos h\u00e1 36 anos alimentos integrais sem adi\u00e7\u00e3o de conservantes, corantes, aromatizantes, estabilizantes ou aditivos qu\u00edmicos.[\/vc_column_text][\/vc_column_inner][vc_column_inner width=&#8221;1\/2&#8243;][vc_column_text]Prezamos pela forma natural de cada ingrediente para preservar os nutrientes naturais. Por isso todos os produtos s\u00e3o minimamente processados e industrializados. Cada produto que fabricamos possui sabor, cor, aroma e textura natural. Para obter alimentos 100% naturais, selecionamos a mat\u00e9ria prima de qualidade para formar o conjunto de ingredientes ricos em vitaminas, fibras e sabor.[\/vc_column_text][\/vc_column_inner][\/vc_row_inner][\/vc_column][vc_column width=&#8221;1\/3&#8243;][vc_single_image image=&#8221;2005&#8243; img_size=&#8221;full&#8221; css_animation=&#8221;flipInX&#8221;][\/vc_column][\/vc_row][vc_row][vc_column width=&#8221;2\/3&#8243;][vc_column_text]Conjunto de ingredientes selecionados para fabrica\u00e7\u00e3o de alimento saud\u00e1vel de verdade. Nossos produtos s\u00e3o encontrados em lojas especializadas em alimenta\u00e7\u00e3o saud\u00e1vel.[\/vc_column_text][\/vc_column][vc_column width=&#8221;1\/3&#8243;][vc_btn title=&#8221;ONDE ENCONTRAR&#8221; style=&#8221;outline-custom&#8221; outline_custom_color=&#8221;#919138&#8243; outline_custom_hover_background=&#8221;#ffffff&#8221; outline_custom_hover_text=&#8221;#919138&#8243; size=&#8221;sm&#8221; align=&#8221;right&#8221; i_align=&#8221;right&#8221; i_icon_fontawesome=&#8221;fa fa-angle-right&#8221; add_icon=&#8221;true&#8221; link=&#8221;url:https%3A%2F%2Fcaseiroenatural.com.br%2Fweb%2Fonde-encontrar%2F|||&#8221;][\/vc_column][\/vc_row][vc_row full_width=&#8221;stretch_row&#8221; parallax=&#8221;content-moving-fade&#8221; parallax_image=&#8221;2158&#8243; parallax_speed_bg=&#8221;1.8&#8243; css=&#8221;.vc_custom_1547649610223{margin-top: 20px !important;padding-top: 40px !important;padding-bottom: 40px !important;}&#8221;][vc_column][vc_custom_heading text=&#8221;Cada produto que fabricamos possui sabor, cor, aroma e textura natural.&#8221; font_container=&#8221;tag:h2|text_align:center|color:%23ffffff&#8221; use_theme_fonts=&#8221;yes&#8221;][vc_btn title=&#8221;NOSSOS PRODUTOS&#8221; style=&#8221;outline&#8221; color=&#8221;white&#8221; size=&#8221;sm&#8221; align=&#8221;center&#8221; i_align=&#8221;right&#8221; i_icon_fontawesome=&#8221;fa fa-angle-right&#8221; add_icon=&#8221;true&#8221; link=&#8221;url:https%3A%2F%2Fcaseiroenatural.com.br%2Fweb%2Fprodutos%2F|||&#8221;][\/vc_column][\/vc_row][vc_row css=&#8221;.vc_custom_1544460721393{margin-top: 50px !important;margin-bottom: 40px !important;}&#8221;][vc_column width=&#8221;1\/3&#8243;][vc_row_inner][vc_column_inner width=&#8221;1\/3&#8243;][vc_single_image image=&#8221;2159&#8243; img_size=&#8221;full&#8221; alignment=&#8221;center&#8221;][\/vc_column_inner][vc_column_inner width=&#8221;2\/3&#8243;][vc_column_text] Sem conservantes Somos uma ind\u00fastria comprometida em fabricar alimentos saud\u00e1veis. Por isso, todos os nossos produtos possuem cor, sabor e textura natural. Fabricamos alimentos livres de corantes, conservantes, aromatizantes e estabilizantes. Alimento sem qu\u00edmica. [\/vc_column_text][\/vc_column_inner][\/vc_row_inner][\/vc_column][vc_column width=&#8221;1\/3&#8243;][vc_row_inner][vc_column_inner width=&#8221;1\/3&#8243;][vc_single_image image=&#8221;2161&#8243; img_size=&#8221;full&#8221; alignment=&#8221;center&#8221;][\/vc_column_inner][vc_column_inner width=&#8221;2\/3&#8243;][vc_column_text] 100% natural Acreditamos que atrav\u00e9s da sele\u00e7\u00e3o da mat\u00e9ria prima de qualidade e minimamente refinada \u00e9 poss\u00edvel obter maior concentra\u00e7\u00e3o de nutrientes. Todos os nossos produtos s\u00e3o fabricados de forma natural e minimamente processados. Escolhemos mat\u00e9ria prima em sua forma mais natural poss\u00edvel para que o produto final chegue at\u00e9 voc\u00ea com nutrientes naturais e saud\u00e1vel de verdade. [\/vc_column_text][\/vc_column_inner][\/vc_row_inner][\/vc_column][vc_column width=&#8221;1\/3&#8243;][vc_row_inner][vc_column_inner width=&#8221;1\/3&#8243;][vc_single_image image=&#8221;2160&#8243; img_size=&#8221;full&#8221; alignment=&#8221;center&#8221;][\/vc_column_inner][vc_column_inner width=&#8221;2\/3&#8243;][vc_column_text] Vegano Nossa paix\u00e3o por produzir alimentos naturais vai al\u00e9m de alimentos saud\u00e1veis. Procurando atender a procura de alimentos que n\u00e3o tenham ingredientes de origem animal e intolerantes a lactose, desenvolvemos receitas saborosas e nutritivas livre de lactose e ovo. [\/vc_column_text][\/vc_column_inner][\/vc_row_inner][\/vc_column][\/vc_row]<\/p>\n","protected":false},"author":1,"featured_media":0,"parent":0,"menu_order":0,"comment_status":"closed","ping_status":"closed","template":"","meta":{"footnotes":""},"class_list":["post-1824","page","type-page","status-publish","hentry"],"_links":{"self":[{"href":"https:\/\/caseiroenatural.com.br\/web\/wp-json\/wp\/v2\/pages\/1824","targetHints":{"allow":["GET"]}}],"collection":[{"href":"https:\/\/caseiroenatural.com.br\/web\/wp-json\/wp\/v2\/pages"}],"about":[{"href":"https:\/\/caseiroenatural.com.br\/web\/wp-json\/wp\/v2\/types\/page"}],"author":[{"embeddable":true,"href":"https:\/\/caseiroenatural.com.br\/web\/wp-json\/wp\/v2\/users\/1"}],"replies":[{"embeddable":true,"href":"https:\/\/caseiroenatural.com.br\/web\/wp-json\/wp\/v2\/comments?post=1824"}],"version-history":[{"count":6,"href":"https:\/\/caseiroenatural.com.br\/web\/wp-json\/wp\/v2\/pages\/1824\/revisions"}],"predecessor-version":[{"id":3948,"href":"https:\/\/caseiroenatural.com.br\/web\/wp-json\/wp\/v2\/pages\/1824\/revisions\/3948"}],"wp:attachment":[{"href":"https:\/\/caseiroenatural.com.br\/web\/wp-json\/wp\/v2\/media?parent=1824"}],"curies":[{"name":"wp","href":"https:\/\/api.w.org\/{rel}","templated":true}]}}